 + 18*d**2 + 2*d - 16. Let m be w(q). Let b = 79 + m. What is the tens digit of b?
2
Suppose 0 = 3*o - 94*m + 90*m - 25399, -5*o = 5*m - 42285. What is the thousands digit of o?
8
What is the units digit of 26/(-130) + (-72782)/10*-1?
8
Let d(f) = 212*f - 18 - 34 - 371*f. What is the hundreds digit of d(-1)?
1
Suppose 0 = -10*r + 13*r - 63. Suppose -5*s = r - 51. Suppose 5 = s*j - 19. What is the units digit of j?
4
What is the thousands digit of 2835*(4 - (-15)/(-5))?
2
Suppose -39 + 1 = -2*m. Let s(g) = -g**2 + 18*g + 29. Let k be s(m). Let y(j) = -j**3 + 11*j**2 + 3*j + 12. What is the units digit of y(k)?
2
Suppose -3*u = -3*m + 181383, -5*m + 417326 = -3*u + 115013. What is the ten thousands digit of m?
6
Suppose 3*o - 4*u = 84444, -o + 5*u + 3591 + 24546 = 0. What is the tens digit of o?
5
Suppose c = -3*i + 33, -2*c + 5*i - 61 = -4*c. Let y = c + -7. Suppose 9*q - y*q = -134. What is the tens digit of q?
6
Suppose 5*j + 4*a + a = 0, -1 = -4*j - 5*a. Let s be 2 - (j + 2 + -2). Suppose -s*v + 4*f = -125, -20 = 5*f + 5. What is the tens digit of v?
3
Suppose -7*i - 3040 = -12574. Suppose -5482 = -5*j + 3*m, -4*j - m + i + 3010 = 0. What is the thousands digit of j?
1
Let w(h) = -h**3 - 7*h**2 - 15*h + 18. Let c be w(-9). Suppose -149*g - c = -152*g. What is the hundreds digit of g?
1
Suppose 7*c - 35 + 7 = 0. Suppose -i + 6*i - 4*v = 4490, -c*i + 2*v + 3592 = 0. What is the tens digit of i?
9
Suppose -34 = -3*j - x, -4*j - j + 55 = 2*x. Let o = 204 + j. What is the hundreds digit of o?
2
Let f(v) = 40*v**3 - 20*v + 88. What is the hundreds digit of f(9)?
0
Let k be (-13 + 14)*(0 - 1). Let l(s) = 5*s**2 - 5*s - 5. Let o be l(k). Suppose -120 + 767 = 5*d - 4*m, 0 = d - o*m - 121. What is the units digit of d?
1
Let p(c) = 120*c**2 - 6*c + 6. Let f be p(3). Suppose 4*d + 3*s - 1282 = 0, 0 = -4*d - 5*s + f + 218. What is the units digit of d?
9
Suppose 2*l = -2*l - 3*n + 1, 4*l + 9 = -5*n. Suppose -5*w + 15 = 5*i, -l*w + 18 = -i + 1. Suppose 6*a - 96 = w*a. What is the tens digit of a?
4
Suppose 0 = 59*i - 56*i. Let w(a) = -3*a + 666. What is the tens digit of w(i)?
6
Let i(x) = 598*x**2 - 71*x + 219. What is the ten thousands digit of i(-7)?
3
Let u(c) = -2*c - 2. Let z be u(-3). Suppose -9*w + 9*w = 16*w - 1088. Suppose w = z*y - 16. What is the units digit of y?
1
Let d(o) = 7*o - 59. Let f(v) = -8*v + 57. Let x(t) = -7*d(t) - 6*f(t). Let i be (-1)/(-1) + -1 + 20. What is the tens digit of x(i)?
5
Let j(p) = -10*p**2 + 1566*p + 32. What is the ten thousands digit of j(130)?
3
Suppose 0 = -4*c - 3*b + 141397, -2*b = -c + 126 + 35226. Suppose -25*x - 25*x = -c. What is the units digit of x?
7
Let y(c) = -2*c + 40. Let o be y(19). What is the units digit of ((-3 - -5) + -3)/(o/(-342))?
1
Let w(n) = -n**3 - 32*n**2 + 28*n + 19. What is the hundreds digit of w(-33)?
1
Suppose -z - z + 48 = 0. Let j(h) be the first derivative of h**4/4 - 8*h**3 + 2*h**2 - 27*h - 135. What is the tens digit of j(z)?
6
Suppose -3*z = -4*a + 137, 21*a + 58 = 22*a + 4*z. Suppose -a*m + 2290 = -28*m. What is the units digit of m?
9
Let t be (-4)/8 - (-15022)/4. What is the hundreds digit of (t/(-10))/(5/(-10))?
7
Suppose 1154 + 2250 = 4*f + 5*p, -4*f + 4*p = -3440. Suppose -3*b - 414 = -5*t + 427, -5*t = 2*b - f. What is the hundreds digit of t?
1
Suppose -2*k = 5*o - 2642, -9 = 2*k - 1. Suppose 4*v + v = o. Suppose d - 39 - v = 0. What is the units digit of d?
5
Suppose 2*n = -n - 3*c + 26724, 35632 = 4*n - 3*c. What is the thousands digit of n?
8
Suppose 0 = -12*n - 181 + 37. Let h(v) = -68*v - 31. What is the tens digit of h(n)?
8
Suppose -j = -4*o + o + 9, 9 = 3*j. Let h(d) = d**2 - 11*d + 6. Let x be h(10). What is the hundreds digit of 3 + 135 - (1 - x/o)?
1
Let n(y) = 2993*y + 1627. What is the ten thousands digit of n(5)?
1
Suppose x = -2 + 7. Suppose 4 + x = 4*t - 3*y, -4*y = -4*t + 12. Suppose t = 4*u - 5*p - 205, 0*p - 4*p - 155 = -3*u. What is the units digit of u?
5
Let r = -131 - -384. Let w = -82 + r. What is the units digit of w?
1
Let p(v) = -1857 + 936 + 935 + 14*v. What is the tens digit of p(5)?
8
Let p = 78 - 82. Let n be (1 + 8 - 3)/(p - -2). What is the units digit of (4 - 1) + (1 - 6 - n)?
1
Let o(c) = 4*c**3 + c**2 - c. Let t = -82 - -83. Let z be o(t). Let n = z - -178. What is the units digit of n?
2
Let p(i) = -5*i**2 - 1. Let o be (-11)/7 + 24/42. Let w be p(o). What is the units digit of 231 + ((-36)/3)/w?
3
Let y(w) = -2*w + 24. Let q be y(-12). Suppose -q = -v - 0. Suppose 0 = -3*i - 2*n - 2*n + 36, v = 4*i - 5*n. What is the tens digit of i?
1
Let t(o) = 3*o**2 - 1 - 7*o - 3 + 4 - 1. Let c be t(3). Suppose -340 = d - c*d. What is the tens digit of d?
8
Let w = 24 - 23. Let g(h) = 198*h + 1. Let p be g(w). Let a = p - 119. What is the units digit of a?
0
What is the thousands digit of (((-11 - -3) + 6)*2)/(9/(-22950))?
0
Suppose 14*c - 20 = 9*c. Suppose 0 = c*i + 20, -14*h + 1810 = -9*h - i. What is the hundreds digit of h?
3
Let g be (5/((-150)/(-24)))/((-4)/(-10)). Let y be g/(((-8)/190)/(-2)). Suppose 7*r = -y + 585. What is the tens digit of r?
7
Let z be ((-4)/6)/(26/(-39)). Let n be -3 - 57*(1 + 0). What is the units digit of (n - 8)*z/(-2)?
4
Suppose 0 = -18*h + 24*h - 72. Let z be ((-18)/h)/((-12)/32). Suppose 3*t + 0*t - 543 = -5*b, -z*b = -t + 181. What is the hundreds digit of t?
1
Let b = -15174 - -21823. What is the tens digit of b?
4
Let z(p) = -p**3 - 7*p**2 + 7*p - 6. Let g(u) = -9*u + 12. Let m(b) = 27*b - 37. Let k(f) = 7*g(f) + 2*m(f). Let d be k(2). What is the units digit of z(d)?
2
Suppose 0 = 6*x - 6067 + 925. Let u = -532 + x. What is the units digit of u?
5
Let f be 4 - ((-3 - -1) + 6). What is the units digit of (f - -4)/(24/636)?
6
Let n be 813/9 - (-2)/(-6). Suppose -p - y + 146 = 0, p - 4*y + 2*y = 140. Let l = p - n. What is the units digit of l?
4
Let c = 1121 + 4665. What is the units digit of c?
6
Suppose 16*y + 12655 = 170735. What is the units digit of y?
0
Let d = 67 - 770. Let n = -221 - d. Suppose 246 = 7*g - n. What is the hundreds digit of g?
1
Suppose 4*u + u - 2 = -2*m, -2*m - 6 = u. Suppose 6*h = 7*h - u. What is the tens digit of (h - 1) + 33 + -15?
1
Let c = -91 + 83. Let l = -4 - c. Suppose 3*d = -2*a + 378 - 134, 4*d + l*a = 332. What is the tens digit of d?
7
Let g = 174 + 2583. Suppose 6*f - 4*h - 2748 = f, g = 5*f - h. What is the tens digit of f?
5
Let y = 169 - -221. Suppose 2*a = 5*a - y. What is the tens digit of a?
3
Let l(b) = b**2 + 6*b + 7. Suppose -5*a = -5*u + 180, 5*u + 2*a - 113 = 2*u. Let p = u - 31. What is the units digit of l(p)?
9
Let q(u) = -31*u - 15*u - 3*u - 2. Suppose -1318*c + 30 = -1324*c. What is the units digit of q(c)?
3
Let k(h) = 209*h - 34. Let t be k(-5). Let u = 1978 + t. What is the units digit of u?
9
Suppose 0*t - 4*t = -36. Let l be 1 + (0 - (t*-1)/3). What is the units digit of (186/l)/(4/(-16) - -1)?
2
Let f(r) = -r**3 - 4*r**2 - 23. Let n be f(-5). Suppose 2*w = b - 248, b - 142 = -n*w + 98. What is the units digit of b?
4
What is the units digit of 4 + (-69)/15 - (-1 - (-256080)/(-50))?
2
Suppose -3*d + 0*d + 5*u - 25 = 0, -4*d - 20 = -4*u. Suppose -4*r - b - 3*b = 160, d = -4*r + 3*b - 153. Let z = r - -117. What is the tens digit of z?
7
Suppose 0 = 60*a - 56*a - 20. Suppose -2793 = -3*v - 2*x, 0 = 2*v - a*x - 0*x - 1843. What is the hundreds digit of v?
9
Suppose -r + 9*r = -48. Let x be ((-9)/(-6) + 3)*-12. Let o = r - x. What is the tens digit of o?
4
Suppose 3*k + 1445 = 20*k. Let d = 91 - k. Suppose -d*o + 0*o = -1212. What is the hundreds digit of o?
2
Let l(u) = u**3 + 32*u**2 - 26. Let k be l(-32). What is the tens digit of 4/k + (3 - (-730)/13)?
5
Let j(r) = -2*r**3 + 120*r**2 - 452*r - 67. What is the units digit of j(52)?
3
Let a be (8/(-18))/(-2) - (-86)/18. Let p(y) = 3*y**3 + 3*y**2 - y + 9. What is the tens digit of p(a)?
5
Suppose 2 + 16 = 3*w. Let y(q) = q**2 + q - 14. Let b be y(4). What is the units digit of (-2 + w)*(-2 + b)?
6
Suppose 49 = 5*q - 5*g - 1916, -4*q = 5*g - 1608. Suppose -q*x + 393*x + 3852 = 0. What is the tens digit of x?
6
Suppose 6*o + 36459 - 13223 = b, -5*b + 116369 = -3*o. What is the hundreds digit of b?
2
What is the tens digit of 7 + 287076/28 + 9/7 + -1?
6
Let p(q) = -7*q - 12*q + 22*q - 15 - 4*q.